+ 23, -3*s + 25 = 4*t. What are the prime factors of t?
2
Let t = -5 + 6. Let y(c) = 15*c**2 + 1. Let g be y(t). Let k = g + 5. List the prime factors of k.
3, 7
Let s be ((-8)/(-2))/(6/9). Let y = s - 4. List the prime factors of (-66)/(-4) + 1/y.
17
Let x = -5 + 0. Let w(i) = -7*i - 4. What are the prime factors of w(x)?
31
Suppose -k = 2*k - 6. Suppose 5*z = 3*a + 54, 4*z - 3*a - k*a - 38 = 0. What are the prime factors of z?
2, 3
Let d be (0 + 1 - -2)/1. Suppose -2*g + 32 = -d*b, -g + 0*g - b = -6. What are the prime factors of g?
2, 5
Let a(j) = j + 4. Let i be a(-8). What are the prime factors of i*((-4)/(-16) - 2)?
7
Let k(p) = 32*p**2 - 9*p - 5. What are the prime factors of k(-2)?
3, 47
Let u(j) = j**2 - j + 53. Let q be u(0). Suppose v + 3 = 2*t + 19, -t = -3*v + q. What are the prime factors of v?
2, 3
Let r(a) = a**3 + 6*a**2 - 5*a - 4. Let f be r(-6). Let j(w) = w + 2. Let n be j(0). Suppose 4*q = n + f. List the prime factors of q.
7
Suppose 0 = -0*q - q + 12. Let p = 15 - q. List the prime factors of p.
3
Suppose 0 = 24*r - 23*r - 75. List the prime factors of r.
3, 5
Let h = -149 + 311. List the prime factors of h.
2, 3
Let z(k) = k - 2. Let m be z(5). Suppose -f = 2*t - 23, t + m*f = 2 + 7. List the prime factors of t.
2, 3
Let s(a) = -a**3 - 9*a**2 - 4. Let w be s(-9). Let b = w - -15. What are the prime factors of b?
11
Let i(f) = 3*f**2 + 2*f - 2. Let a be i(-2). Suppose 0 = -2*u + a. Suppose 8*n - 60 = u*n. What are the prime factors of n?
2, 3
What are the prime factors of (-2)/8 + (-1625)/(-20)?
3
Let l = -5 + 5. Suppose h - 2 + 4 = l. Let k = h + 4. List the prime factors of k.
2
Let k be (2 - 4)*1/(-2). List the prime factors of 10 - k/(-1) - 1.
2, 5
Suppose p = -2*p. Suppose 3*h - h + 5*v - 15 = p, 45 = 5*h + 5*v. What are the prime factors of h?
2, 5
Let d(c) = 9*c + 3. Let j(n) = -8*n - 2. Let y(f) = -5*d(f) - 6*j(f). Let o be y(-3). Let m = 18 + o. List the prime factors of m.
2, 3
Suppose 0 = -4*c - 0*c - 24. Let a(f) = f**2 + 6*f - 3. Let n be a(c). Let r = n - -6. List the prime factors of r.
3
Suppose 6*o = 4*o + 84. List the prime factors of o.
2, 3, 7
Let u be ((-2)/(-3))/(1/6). Let p = 0 + -5. List the prime factors of p/(5/2) + u.
2
Let h(f) = f**2 + 7*f + 9. Let i be h(-7). Let z(q) = -i + 6*q**2 - q**3 + q + 6*q - 4*q. What are the prime factors of z(6)?
3
Let x(y) = -y + 2. Let k be (-4)/16 - 47/4. List the prime factors of x(k).
2, 7
Let a = 14 + -11. Suppose a*r - 28 = -r. What are the prime factors of r?
7
Let b be (7 + 2)/((-2)/6). Let a = -13 - b. List the prime factors of a.
2, 7
Let h be 81*(16/(-12))/(-2). Suppose h - 16 = m. List the prime factors of m.
2, 19
Suppose f + 3*o = 146 - 52, 0 = 4*f - 3*o - 451. What are the prime factors of f?
109
Let s = 2 + 20. What are the prime factors of s?
2, 11
What are the prime factors of (24/(-18))/((-3)/54)?
2, 3
Let u = -145 - -519. What are the prime factors of u?
2, 11, 17
Let h = 9 + 21. What are the prime factors of h?
2, 3, 5
Let a(g) = 2*g**3 - 10*g**2 + 9*g - 8. Let l be a(6). Suppose 4*y = -2*n - 0*y + 66, y = -4*n + l. What are the prime factors of n?
29
List the prime factors of (-50)/(-3)*30/20.
5
Suppose 23 = 3*a - 2*y, 2*a - 7 = 2*y + 11. Suppose g = a, u - 10 - 2 = -2*g. Let v = u + 3. What are the prime factors of v?
5
Let t be (2 + 12/(-7))*7. Suppose -t*k = v + 3*k - 28, 0 = 4*v + 2*k - 58. List the prime factors of v.
13
Let z be (-6)/21 + 19/(-7). Let c(s) be the third derivative of s**5/60 + s**4/12 + s**3/2 + 3*s**2. List the prime factors of c(z).
2, 3
Suppose 78 = 2*o + 2*r, 0*o = -o + 3*r + 27. Let k = o - 4. Suppose 0*p - 3*q = 2*p - k, 0 = -3*q. What are the prime factors of p?
2
Let x(s) = -s**2 - 11*s - 9. List the prime factors of x(-6).
3, 7
Let h be 0/(3*(-4)/(-6)). Suppose h*k = -5*k + 75. List the prime factors of k.
3, 5
Let o = 13 - 10. Suppose i - 5*h + 37 = o*i, 0 = -3*i - 3*h + 69. List the prime factors of i.
2, 13
Let a = -48 - -91. What are the prime factors of a?
43
List the prime factors of (18/4)/(-3)*(-642)/9.
107
Let f be (-2)/(-2) - 6/(-3). Suppose -64 = -f*i + 29. List the prime factors of i.
31
Let t be 6/(266/(-90) + 3). Suppose 2*z = -3*z + t. Suppose 0 = -4*d - 3*s + z + 24, -d - 5*s = -17. List the prime factors of d.
2, 3
Suppose 3*l + 84 = 5*k, 0*k + 2*k + 5*l - 46 = 0. Let x be (-4)/k - 4/(-18). Let o = 10 + x. What are the prime factors of o?
2, 5
Suppose 0 = 6*y - 210 - 138. Suppose y = v + v. What are the prime factors of v?
29
Suppose 5 = f - 2*j, -5*f + 69 = -0*j + j. Suppose 0 = -y + 5*h + 37, 5*y = h - 2*h + 81. Suppose y = 5*i - f. List the prime factors of i.
2, 3
Let z(l) = l**2 - 3*l + 3. Let u be z(5). Suppose -2*i + u = 4*m + 5, 5*m + 4*i = 7. What are the prime factors of m?
3
Suppose 8*k - 385 = 3*k. What are the prime factors of k?
7, 11
Let l(o) = o**2 + 16*o + 18. Let t be l(-13). Let u = 31 + t. What are the prime factors of u?
2, 5
Let g(d) = -d + 3. Let f be g(7). Let c(v) = 4*v + 7. Let z(m) = 5*m + 8. Let b(q) = -3*c(q) + 2*z(q). What are the prime factors of b(f)?
3
Let h(f) = -f - 1. Let n be h(-3). Suppose 96 = 5*k + n*q + 2*q, -5*k + 64 = -4*q. What are the prime factors of k?
2
Let c = 6 - 3. Suppose -5*j - 4*a - 21 = -5, j = c*a + 12. Suppose 2*h - 40 = -4*s, 2 = h - j*h. List the prime factors of s.
3
List the prime factors of 94 - (0 - 0)/(-4 + 3).
2, 47
Let y be (-6)/27 - (-1400)/(-18). What are the prime factors of (-54)/(-13) + 12/y?
2
Let n be (-1 - 2/(-3))*-15. Suppose 2*p - n = p. Let b = 3 + p. List the prime factors of b.
2
Let s(u) = u**2 - 5*u + 4. Let o be s(7). Let z = -6 + o. List the prime factors of z.
2, 3
Suppose 0 = 4*i - 3*q - 173, -103 = 4*i + q - 264. What are the prime factors of i?
41
Suppose -3 = 3*o + 3. Let p be (-10)/(o/3 + 1). List the prime factors of (p/(-8))/(2/8).
3, 5
Let k(q) = -q + 8. Let y be k(6). Suppose -y*p + 7 = -3. Suppose -p*t - 3 + 18 = 0. List the prime factors of t.
3
Suppose y + y = 328. List the prime factors of y.
2, 41
Let b(c) = c**3 - 13*c**2 + 11*c + 9. Let r be b(12). List the prime factors of r - (0 - -1)*-24.
3, 7
Let b = -4 + 7. Suppose 4*t + 17 = -a - b, -3*a - 60 = -4*t. List the prime factors of 2*(-3)/12*a.
2, 5
Suppose -4*y = -0*y - 16. Suppose -y*k - w - w = -36, 0 = 5*k + 2*w - 47. List the prime factors of k.
11
Let o(l) = -3*l - 3. Suppose -5 - 28 = 3*y. What are the prime factors of o(y)?
2, 3, 5
Suppose 479 = 4*d - 2*d + 3*a, -4*d + 933 = a. List the prime factors of d.
2, 29
Suppose 0 = -3*s + 657 - 249. List the prime factors of s.
2, 17
Suppose 0 = -3*t - g + 136, 4*g - 2*g = -4*t + 184. List the prime factors of t.
2, 11
Let i(x) = -x**2 + 12*x + 6 - 5*x + 2*x**2. Let c be i(-7). Suppose c = b - 6. List the prime factors of b.
2, 3
Let b be 2/2 + (16 - 9). Suppose b = -0*z + 4*z. What are the prime factors of z?
2
Let d(a) = -a**3 - 5*a**2 + 6*a + 7. Let o be d(-6). Suppose -2*v + o = -7. Suppose -3*k = 3*f - 6, 4*k - f + v - 35 = 0. List the prime factors of k.
2, 3
Let j = -67 - -156. What are the prime factors of j?
89
Suppose 0 = 5*i - 32 - 103. Let v = i - 15. List the prime factors of v.
2, 3
Suppose 4*o = 3*y - 275 - 192, 2*y + 4*o = 338. List the prime factors of y.
7, 23
Suppose -1 = 3*b - 19. Suppose b*i + 48 = 8*i. List the prime factors of i.
2, 3
Suppose -r + 2*n = 5, -4*r - 2*n - 6 + 16 = 0. Let v(m) = 20*m**3 - m**2 + m. What are the prime factors of v(r)?
2, 5
Let s be (2/6)/(2/(-6)). List the prime factors of s*(-44 - (-2 - 0)).
2, 3, 7
Suppose 4*d - 9 = 7*d. Let m(f) = 3*f**2 - f - 4. Let j be m(d). Let g = 42 - j. What are the prime factors of g?
2
Suppose -l = -2*y - 53, -l + y = -53 + 2. List the prime factors of l.
7
Suppose -18*a + 13*a = -480. List the prime factors of a.
2, 3
Let p(h) = h**2 - 14*h + 5. Let l be p(14). Suppose -5*v = l*z - 100, -5*z + 4*v + 136 = -0*v. List the prime factors of z.
2, 3
Suppose 25 = 2*r + 3*r. Suppose 0*p = -r*p + 220. List the prime factors of p.
2, 11
Suppose 208 = 4*p - 0*p. Suppose 4 - p = -3*v. List the prime factors of v.
2
List the prime factors of 554/22 + 10/(-55).
5
Suppose 2*z + 110 = 4*z. Let m = z - 33. List the prime factors of m.
2, 11
Let r(o) = -3*o**2 + 3*o + 4 - o**3 - 3*o**3 + 5*o**3. List the prime factors of r(3).
